{"id":8336,"date":"2020-08-19T19:01:40","date_gmt":"2020-08-19T19:01:40","guid":{"rendered":"https:\/\/lyricaudio.com\/web\/?page_id=8336"},"modified":"2020-08-19T19:02:25","modified_gmt":"2020-08-19T19:02:25","slug":"jadis-orchestra-reference","status":"publish","type":"page","link":"https:\/\/lyricaudio.com\/web\/upgrades\/jadis-orchestra-reference\/","title":{"rendered":"Jadis Orchestra Reference"},"content":{"rendered":"<p>Nuestro anfitri\u00f3n disfruta de este Jadis, con una gran satisfacci\u00f3n, desde hace una d\u00e9cada.<\/p>\n<p>En alguna ocasi\u00f3n nos manisfest\u00f3 su inter\u00e9s en mejorar su ya excelente sonido.<\/p>\n<p>Nuestra propuesta fu\u00e9 la sustituci\u00f3n de el potenci\u00f3metro convencional de nomenclatura Alps por uno de Alta Precisi\u00f3n<\/p>\n<p>El elegido fu\u00e9 EIZZ. Configurado con 24 pasos a resistencia fijas de m\u00e1xima calidad supera con creces la configuraci\u00f3n habitual de pista de carbono.<\/p>\n<p>Satisfecho aficionado que a la \u00abvista\u00bb de los resultados sonoros que a percibido de modo claro nos ha honrado con su benepl\u00e1cito a nuestro trabajo.<\/p>\n<p><a href=\"https:\/\/lyricaudio.com\/web\/wp-content\/uploads\/2020\/08\/jadis-orchestra-reference.jpg\"><img loading=\"lazy\" decoding=\"async\" class=\"alignnone wp-image-8337 size-full\" title=\"Jadis Orchestra Reference\" src=\"https:\/\/lyricaudio.com\/web\/wp-content\/uploads\/2020\/08\/jadis-orchestra-reference.jpg\" alt=\"Jadis Orchestra Reference\" width=\"1280\" height=\"720\" srcset=\"https:\/\/lyricaudio.com\/web\/wp-content\/uploads\/2020\/08\/jadis-orchestra-reference.jpg 1280w, https:\/\/lyricaudio.com\/web\/wp-content\/uploads\/2020\/08\/jadis-orchestra-reference-300x169.jpg 300w\" sizes=\"(max-width: 1280px) 100vw, 1280px\" \/><\/a><\/p>\n","protected":false},"excerpt":{"rendered":"<p>Nuestro anfitri\u00f3n disfruta de este Jadis, con una gran satisfacci\u00f3n, desde hace una d\u00e9cada. En alguna ocasi\u00f3n nos manisfest\u00f3 su inter\u00e9s en mejorar su ya excelente sonido. Nuestra propuesta fu\u00e9 la sustituci\u00f3n de el potenci\u00f3metro convencional de nomenclatura Alps por uno de Alta Precisi\u00f3n El elegido fu\u00e9 EIZZ. Configurado con 24 pasos a resistencia fijas &#8230; <\/p>\n<p class=\"read-more-container\"><a title=\"Jadis Orchestra Reference\" class=\"read-more button\" href=\"https:\/\/lyricaudio.com\/web\/upgrades\/jadis-orchestra-reference\/#more-8336\" aria-label=\"Leer m\u00e1s sobre Jadis Orchestra Reference\">Leer m\u00e1s<\/a><\/p>\n","protected":false},"author":1,"featured_media":0,"parent":7523,"menu_order":0,"comment_status":"closed","ping_status":"closed","template":"","meta":{"_et_pb_use_builder":"","_et_pb_old_content":"","_et_gb_content_width":"","footnotes":""},"class_list":["post-8336","page","type-page","status-publish"],"_links":{"self":[{"href":"https:\/\/lyricaudio.com\/web\/wp-json\/wp\/v2\/pages\/8336","targetHints":{"allow":["GET"]}}],"collection":[{"href":"https:\/\/lyricaudio.com\/web\/wp-json\/wp\/v2\/pages"}],"about":[{"href":"https:\/\/lyricaudio.com\/web\/wp-json\/wp\/v2\/types\/page"}],"author":[{"embeddable":true,"href":"https:\/\/lyricaudio.com\/web\/wp-json\/wp\/v2\/users\/1"}],"replies":[{"embeddable":true,"href":"https:\/\/lyricaudio.com\/web\/wp-json\/wp\/v2\/comments?post=8336"}],"version-history":[{"count":2,"href":"https:\/\/lyricaudio.com\/web\/wp-json\/wp\/v2\/pages\/8336\/revisions"}],"predecessor-version":[{"id":8339,"href":"https:\/\/lyricaudio.com\/web\/wp-json\/wp\/v2\/pages\/8336\/revisions\/8339"}],"up":[{"embeddable":true,"href":"https:\/\/lyricaudio.com\/web\/wp-json\/wp\/v2\/pages\/7523"}],"wp:attachment":[{"href":"https:\/\/lyricaudio.com\/web\/wp-json\/wp\/v2\/media?parent=8336"}],"curies":[{"name":"wp","href":"https:\/\/api.w.org\/{rel}","templated":true}]}}