{"id":22,"date":"2016-06-17T18:47:30","date_gmt":"2016-06-17T18:47:30","guid":{"rendered":"https:\/\/lyricaudio.com\/web\/?page_id=22"},"modified":"2025-10-29T14:41:04","modified_gmt":"2025-10-29T14:41:04","slug":"plan-renove","status":"publish","type":"page","link":"https:\/\/lyricaudio.com\/web\/plan-renove\/","title":{"rendered":"Plan Renove"},"content":{"rendered":"<p>En el din\u00e1mico mundo de las tecnolog\u00edas digitales, donde los cambios son una constante, los aficionados a menudo se enfrentan a la frustraci\u00f3n de tener equipos que no se adaptan a las \u00faltimas innovaciones. Esto es especialmente evidente en el caso de amplificadores, cajas ac\u00fasticas y otros dispositivos de audio, que con el tiempo pueden dejar de cumplir con las demandas actuales de los usuarios.<\/p>\n<p>&nbsp;<\/p>\n<p>Para abordar esta necesidad de constante actualizaci\u00f3n y satisfacer el deseo de nuestros clientes por lo \u00faltimo en tecnolog\u00eda, lanzamos nuestro innovador \u201cPlan Renove\u201d. Este programa est\u00e1 especialmente pensado para los entusiastas del audio de alta fidelidad, permiti\u00e9ndoles cambiar sus equipos antiguos por versiones m\u00e1s recientes y tecnol\u00f3gicamente avanzadas. A trav\u00e9s de este plan, ofrecemos la oportunidad de adquirir nuevos equipos con un descuento atractivo a cambio de sus antiguos sistemas.<a href=\"https:\/\/lyricaudio.com\/web\/wp-content\/uploads\/2025\/10\/Lyric-Audio-Elite-.-Plan-Renove.jpg\" target=\"_blank\" rel=\"noopener\"><img loading=\"lazy\" decoding=\"async\" class=\"alignright wp-image-12455\" src=\"https:\/\/lyricaudio.com\/web\/wp-content\/uploads\/2025\/10\/Lyric-Audio-Elite-.-Plan-Renove.jpg\" alt=\"\" width=\"681\" height=\"454\" srcset=\"https:\/\/lyricaudio.com\/web\/wp-content\/uploads\/2025\/10\/Lyric-Audio-Elite-.-Plan-Renove.jpg 1536w, https:\/\/lyricaudio.com\/web\/wp-content\/uploads\/2025\/10\/Lyric-Audio-Elite-.-Plan-Renove-300x200.jpg 300w, https:\/\/lyricaudio.com\/web\/wp-content\/uploads\/2025\/10\/Lyric-Audio-Elite-.-Plan-Renove-1080x720.jpg 1080w\" sizes=\"(max-width: 681px) 100vw, 681px\" \/><\/a><\/p>\n<p>El Plan Renove es un reflejo de nuestro compromiso con la excelencia y la satisfacci\u00f3n del cliente. No solo brinda a los aficionados la posibilidad de mantenerse al d\u00eda con las tendencias actuales en audio, sino que tambi\u00e9n promueve una pr\u00e1ctica sostenible y responsable. Renovando sus equipos, nuestros clientes pueden disfrutar de lo \u00faltimo en calidad de sonido y tecnolog\u00eda, asegur\u00e1ndose de que su pasi\u00f3n por el audio de alta fidelidad permanezca siempre en la vanguardia.<\/p>\n<p style=\"text-align: justify;\">Si deseas ampliar informaci\u00f3n dirigirse al tfno<\/p>\n<ul class=\"menu-iconos-centro\">\n<li><a href=\"tel:675575378\">675 57 53 78<\/a><\/li>\n<\/ul>\n<p style=\"text-align: justify;\">\u00a0 \u00a0o\u00a0 \u00a0al email <strong>info@lyricaudio.com<\/strong><\/p>\n<p>&nbsp;<\/p>\n<p>&nbsp;<\/p>\n<p>&nbsp;<\/p>\n<p>&nbsp;<\/p>\n<p>&nbsp;<\/p>\n<p>&nbsp;<\/p>\n<p>&nbsp;<\/p>\n","protected":false},"excerpt":{"rendered":"<p>En el din\u00e1mico mundo de las tecnolog\u00edas digitales, donde los cambios son una constante, los aficionados a menudo se enfrentan a la frustraci\u00f3n de tener equipos que no se adaptan a las \u00faltimas innovaciones. Esto es especialmente evidente en el caso de amplificadores, cajas ac\u00fasticas y otros dispositivos de audio, que con el tiempo pueden &#8230; <\/p>\n<p class=\"read-more-container\"><a title=\"Plan Renove\" class=\"read-more button\" href=\"https:\/\/lyricaudio.com\/web\/plan-renove\/#more-22\" aria-label=\"Leer m\u00e1s sobre Plan Renove\">Leer m\u00e1s<\/a><\/p>\n","protected":false},"author":1,"featured_media":11442,"parent":0,"menu_order":0,"comment_status":"closed","ping_status":"closed","template":"","meta":{"_et_pb_use_builder":"","_et_pb_old_content":"","_et_gb_content_width":"","footnotes":""},"class_list":["post-22","page","type-page","status-publish","has-post-thumbnail"],"_links":{"self":[{"href":"https:\/\/lyricaudio.com\/web\/wp-json\/wp\/v2\/pages\/22","targetHints":{"allow":["GET"]}}],"collection":[{"href":"https:\/\/lyricaudio.com\/web\/wp-json\/wp\/v2\/pages"}],"about":[{"href":"https:\/\/lyricaudio.com\/web\/wp-json\/wp\/v2\/types\/page"}],"author":[{"embeddable":true,"href":"https:\/\/lyricaudio.com\/web\/wp-json\/wp\/v2\/users\/1"}],"replies":[{"embeddable":true,"href":"https:\/\/lyricaudio.com\/web\/wp-json\/wp\/v2\/comments?post=22"}],"version-history":[{"count":6,"href":"https:\/\/lyricaudio.com\/web\/wp-json\/wp\/v2\/pages\/22\/revisions"}],"predecessor-version":[{"id":12457,"href":"https:\/\/lyricaudio.com\/web\/wp-json\/wp\/v2\/pages\/22\/revisions\/12457"}],"wp:featuredmedia":[{"embeddable":true,"href":"https:\/\/lyricaudio.com\/web\/wp-json\/wp\/v2\/media\/11442"}],"wp:attachment":[{"href":"https:\/\/lyricaudio.com\/web\/wp-json\/wp\/v2\/media?parent=22"}],"curies":[{"name":"wp","href":"https:\/\/api.w.org\/{rel}","templated":true}]}}