{"id":18,"date":"2016-06-17T18:42:32","date_gmt":"2016-06-17T18:42:32","guid":{"rendered":"https:\/\/lyricaudio.com\/web\/?page_id=18"},"modified":"2024-01-23T09:56:28","modified_gmt":"2024-01-23T09:56:28","slug":"distribuidores","status":"publish","type":"page","link":"https:\/\/lyricaudio.com\/web\/distribuidores\/","title":{"rendered":"Distribuidores"},"content":{"rendered":"<p>Listado de distribuidores agrupados por comunidades aut\u00f3nomas:<\/p>\n<h3>Comunidad aut\u00f3noma de Andaluc\u00eda<\/h3>\n<pre><strong>DANIEL SONIDO\r\n\r\n<\/strong>C\/ Monte Carmelo, 27 \r\n41011 - <strong style=\"font-family: inherit; font-size: inherit;\">Sevilla<\/strong><span style=\"font-family: inherit; font-size: inherit;\"> \r\nTel. <\/span><strong style=\"font-family: inherit; font-size: inherit;\">954271727 <\/strong>\r\n<a style=\"font-family: inherit; font-size: inherit;\" href=\"mailto:soundsevilla@soundsevilla.com\">daniels@danielsonido.com<\/a><\/pre>\n<pre><strong>NATURAL HIFI\r\n<\/strong>\r\nC\/ R\u00edo Guadaira, 3\r\n41566 -Pedrera\r\n<strong style=\"font-family: inherit; font-size: inherit;\">Sevilla\r\n<\/strong>Tel. <strong>635721275\r\n<\/strong><a href=\"mailto:info@naturalhifi.es\">info@naturalhifi.es\r\n<\/a><\/pre>\n<pre><strong>SOUND SEVILLA<\/strong>\r\n\r\nC\/ Paseo de los Tilos, 62\r\n41020 - Sevilla\r\nTel. <strong>954409150\r\n<\/strong><a href=\"mailto:soundsevilla@soundsevilla.com\">soundsevilla@soundsevilla.com<\/a>\r\n<a href=\"http:\/\/www.soundsevilla.com\" target=\"_blank\" rel=\"noopener noreferrer\">www.soundsevilla.com<\/a><\/pre>\n<pre><strong>SYBARITE AUDIO<\/strong>\r\n\r\nC\/ Pintor Zabaleta N\u00ba54 bajo comercial\r\n23640 - <strong>Torredelcampo<\/strong> (<strong>Ja\u00e9n<\/strong>)\r\nTel. <strong>673782557<\/strong> - Tony Arroyo\r\n<a href=\"mailto:sybariteaudio@hotmail.com\">sybariteaudio@hotmail.com<\/a>\r\n<a href=\"http:\/\/www.sybariteaudio.simplesite.com\/\" target=\"_blank\" rel=\"noopener noreferrer\">www.sybariteaudio.simplesite.com<\/a>\r\n<a href=\"http:\/\/sybariteaudio.blogspot.com.es\/\" target=\"_blank\" rel=\"noopener noreferrer\">sybariteaudio.blogspot.com.es<\/a><\/pre>\n<pre><strong>VUMETERS<\/strong>\r\n\r\nC\/ 12 de Octubre 10, Bajos\r\n14001 - <strong>C\u00f3rdoba<\/strong>\r\nTel. <strong>957476166<\/strong>\r\n<a href=\"mailto:vu-meters@vu-meters.com\">vu-meters@vu-meters.com<\/a>\r\n<a href=\"http:\/\/www.vu-meters.com\/\" target=\"_blank\" rel=\"noopener noreferrer\">www.vu-meters.com<\/a><\/pre>\n<hr \/>\n<h3>Comunidad aut\u00f3noma de Arag\u00f3n<\/h3>\n<pre><strong>NOVOM\u00daSICA\r\n\r\n<\/strong>C \/ Paseo de la Mina n\u00ba 15, \r\n50001 Zaragoza\r\n\r\nTel.<strong> 976238400\r\n<\/strong><a href=\"mailto:novomusica@novomusica.com\">novomusica@novomusica.com<\/a>\r\n<\/pre>\n<pre><strong>\r\nVIENA AUDIO<\/strong>\r\n\r\nC\/ Serrano Sanz, 3\r\n50005 - <strong>Zaragoza<\/strong>\r\nTel. <strong>976567940<\/strong>\r\n<a href=\"mailto:info@vienaaudio.com\">info@vienaaudio.com<\/a>\r\n<a href=\"http:\/\/www.vienaaudio.com\/\" target=\"_blank\" rel=\"noopener noreferrer\">www.vienaaudio.com<\/a><\/pre>\n<hr \/>\n<h3>Comunidad aut\u00f3noma de Asturias<\/h3>\n<pre><strong>\r\nCH\u00a0 SONIDO<\/strong>\r\n\r\nC\/ Montes del Sueve, 38 Bajo Izquierda\r\n33012 - <strong>Oviedo<\/strong>\r\nTel. <strong>985111677<\/strong>\r\n<a href=\"mailto:javierchsonido@telecable.es\">javierchsonido@telecable.es<\/a>\r\n<a href=\"http:\/\/www.chsonido.es\/\" target=\"_blank\" rel=\"noopener noreferrer\">www.chsonido.es<\/a><\/pre>\n<pre><strong>\r\nCH\u00a0 SONIDO GIJ\u00d3N<\/strong>\r\n\r\nC\/ Eusebio Miranda, 3, bajo\r\n33202 - Gij\u00f3n\r\nTel. <strong>98439677<\/strong><strong style=\"font-family: inherit; font-size: inherit;\">5\r\n<\/strong>M\u00f3vil: <strong>684652372\r\n<\/strong><a href=\"mailto:chsonidogijon@telecable.es\" target=\"_blank\" rel=\"noopener\">chsonidogijon@<wbr \/>telecable.es<\/a>\r\n<a href=\"http:\/\/www.chsonido.es\/\" target=\"_blank\" rel=\"noopener noreferrer\">www.chsonido.es<\/a>\r\n<\/pre>\n<pre><strong>OPERA SONIDO<\/strong>\r\n\r\nC\/ San Bernardo 26, Bajo\r\n33201 - <strong>Gij\u00f3n<\/strong>\r\nTel. <strong>985358178<\/strong>\r\n<a href=\"mailto:opera@operasonido.com\">opera@operasonido.com<\/a><\/pre>\n<hr \/>\n<h3>Comunidad aut\u00f3noma de Baleares<\/h3>\n<pre><strong>EMPRESA TORRES DE PORTMANY S.L.<\/strong>\r\n\r\nC\/ Soledad, 58\r\n07820 Sant Antoni Pormany - Ibiza (Baleares)\r\nTel 971340082\r\n<a href=\"mailto:imagenysonido@vtorres.es\">imagenysonido@vtorres.es<\/a><\/pre>\n<hr \/>\n<h3>Comunidad aut\u00f3noma de Canarias<\/h3>\n<pre><strong>STEREO7<\/strong>\r\n\r\nAvda. de la Constituci\u00f3n, 31\r\n35200 Telde (Las Palmas de Gran Canaria)\r\nTel. 722132280\r\n<a href=\"mailto:audio7stereo@hotmail.es\">audio7stereo@hotmail.es\r\n<\/a><a href=\"http:\/\/www.spaciodesign.es\/\">www.spaciodesign.es<\/a><\/pre>\n<hr \/>\n<h3>Comunidad aut\u00f3noma de Castilla y Le\u00f3n<\/h3>\n<pre><strong>MASIGAL SL<\/strong>\r\n\r\nC\/ Los Coches n 4 - 6\r\n40002 Segovia.\r\nTel. 921420000\r\n<a href=\"mailto:martin@masigal.es\">martin@masigal.es<\/a><\/pre>\n<pre><strong>URB\u00d3N S.L.<\/strong>\r\n\r\nC\/ Estrada 7, Bajo\r\n34002 Palencia\r\nTel. 979728593\r\n<a href=\"mailto:info@radioson.es\">info@radioson.es<\/a>\r\n<a href=\"http:\/\/www.radioson.es\/\" target=\"_blank\" rel=\"noopener noreferrer\">www.radioson.es<\/a><\/pre>\n<hr \/>\n<h3>Comunidad aut\u00f3noma de Catalu\u00f1a<\/h3>\n<pre><strong>AT CONSUMER<\/strong>\r\n\r\nC\/ San Pau, n\u00ba 18\r\n08340 Vilassar de Mar (Barcelona)\r\nTel. 936385805\r\n<a href=\"mailto:info@atconsumer.es\">info@atconsumer.es<\/a>\r\n<a href=\"https:\/\/www.atconsumer.es\/\" target=\"_blank\" rel=\"noopener noreferrer\">www.atconsumer.es<\/a><\/pre>\n<pre><strong>AUDIO CINEMA CENTER S.L.\r\n\r\n<\/strong>C\/ Migdia n\u00ba 119 - bajos\r\n17003 - Girona\r\nTel. 972 20 95 99\r\n<a href=\"http:\/\/www.audiocinema.es\">www.audiocinema.es<\/a>\r\n<a href=\"mailto:info@audiocinema.es\">info@audiocinema.es<\/a><\/pre>\n<pre><strong>AUDIO HIFI\r\n\r\n<\/strong>C\/ de Baix 21 bajos 3\u00aa\r\n08394 - Sant Vicen\u00e7 de Montalt, Barcelona\r\nTel. 698 977 078\r\n<a href=\"https:\/\/www.audiohifi.es\/\" target=\"_blank\" rel=\"noopener\">www.audiohifi.es<\/a>\r\n<a href=\"mailto:info@audiohifi.es\">info@audiohifi.es<\/a><\/pre>\n<pre><strong>AUDIO SELECCI\u00d3<\/strong>\r\n\r\nAv. Abat Marcet 271, Local 5\r\n08225 Terrassa (Barcelona)\r\nTel. 937805688\r\n<a href=\"mailto:audioseleccio@gmail.com\">audioseleccio@gmail.com\r\n<\/a><a href=\"http:\/\/www.audioseleccio.com\/\" target=\"_blank\" rel=\"noopener noreferrer\">www.audioseleccio.com<\/a><\/pre>\n<pre><strong>AUDIONEWCONCEPTS<\/strong>\r\n\r\nC\/ Arag\u00f3n 212, 1\u00ba - 1\u00aa\r\n08011 Barcelona\r\nTel. 633150308\r\n<a href=\"http:\/\/www.audionewconcepts.es\/\" target=\"_blank\" rel=\"noopener noreferrer\">www.audionewconcepts.com<\/a><\/pre>\n<pre><strong>HIDETECH<\/strong>\r\n\r\nC\/ C\u00f3rcega, 251\r\n08036 Barcelona\r\nB 65.266.439\r\nTelf.. 93 237 84 87\r\n<a href=\"mailto:oscar@hidetech.net\" target=\"_blank\" rel=\"noopener noreferrer\">oscar@hidetech.net<\/a>\r\n<a href=\"https:\/\/hidetech.net\" target=\"_blank\" rel=\"noopener noreferrer\">https:\/\/hidetech.net<\/a><\/pre>\n<pre><strong>HIFI STUDIO ROMA<\/strong> \r\n\r\nAv. Roma 86 \r\n08015 Barcelona\r\nTel. 932266304\r\n<a href=\"mailto:hifistudioroma@gmail.com\">hifistudioroma@gmail.com \r\n<\/a><a href=\"http:\/\/www.hifistudioroma.com\/\" target=\"_blank\" rel=\"noopener noreferrer\">www.hifistudioroma.com<\/a><\/pre>\n<pre><strong>LAFARGA &amp; HERRANZ S.L.<\/strong>\r\n\r\nC\/ Gelabert 16-20\u00a0\r\n08029 Barcelona\r\nTel.\u00a0934192997\r\n<a href=\"mailto:info@lafargayherranz.com\">info@lafargayherranz.com\r\n<\/a><a href=\"http:\/\/www.lafargayherranz.com\/\" target=\"_blank\" rel=\"noopener noreferrer\">www.lafargayherranz.com<\/a><\/pre>\n<pre><strong>LOVING STEREO<\/strong>\r\n\r\nC\/ Marqu\u00e9s de Foronda, 24\u00a0\r\n08032 \u2013 Barcelona\r\nTel. +34\u00a0 664 51 52 53\r\n<a href=\"mailto:info@lovingstereo.com\">info@lovingstereo.com\r\n<\/a><a href=\"mailto:juan@lovingstereo.com\">juan@lovingstereo.com<\/a>\r\n<a href=\"https:\/\/lovingstereo.com\/\" target=\"_blank\" rel=\"noopener noreferrer\">www.lovingstereo.com<\/a><\/pre>\n<pre><b>MONLE\u00d3N ELECTR\u00d3NICA<\/b>\r\n\r\nC\/ Balmes, n\u00ba 317 \r\n08006 - Barcelona \r\nTel. +34 932 177 431\r\n<a href=\"mailto:monleon@monleon.com\">monleon@monleon.com<\/a> \r\n<a href=\"http:\/\/www.monleon.com\/\" target=\"_blank\" rel=\"noopener noreferrer\">www.monleon.com<\/a><\/pre>\n<pre><strong>ROYAL AUDIO CINEMA<\/strong> \r\n\r\nCarretera Castell D'Aro, Km 2 \r\n17246 Santa Cristina D'Aro (Girona) \r\nTel. 972837565 \r\n<a href=\"http:\/\/www.royalaudio.com\/\" target=\"_blank\" rel=\"noopener noreferrer\">www.royalaudio.com<\/a><\/pre>\n<pre><strong>SETUP AV. PROJECTS S.L.<\/strong>\r\n\r\nC\/ Major de Sarria, n\u00ba 14\u00a0\r\n08017 Barcelona\r\nTel.\u00a0932050524\r\n<a href=\"http:\/\/www.setupav.es\/\">info@setupav.es\r\n<\/a><a href=\"http:\/\/www.setupav.es\/\" target=\"_blank\" rel=\"noopener noreferrer\">www.setupav.es\/<\/a><\/pre>\n<pre><strong>Style Sound.S.L.<\/strong>\r\n\r\nC \/ Lepanto n\u00ba 264 - bajos.\r\n08.013 Barcelona.\r\n932311714\r\n<a href=\"http:\/\/www.stylesound.com\" target=\"_blank\" rel=\"noopener noreferrer\">www.stylesound.com<\/a>\r\n<a href=\"mailto:javier@stylesound.com\">javier@stylesound.com<\/a><\/pre>\n<hr \/>\n<h3>Comunidad aut\u00f3noma de Galicia<\/h3>\n<pre><strong>ESFERA AUDIO<\/strong>\r\n\r\nC\/ Barri\u00e9 de la Maza 33, 5\u00ba C\r\n15004 A Coru\u00f1a\r\nTel. 981141092\r\n<a href=\"mailto:info@esfera-audio.com\">info@esfera-audio.com\r\n<\/a><a href=\"http:\/\/www.esfera-audio.com\/\" target=\"_self\" rel=\"noopener noreferrer\">www.esfera-audio.com<\/a><\/pre>\n<pre><strong>HIGH END OURENSE<\/strong>\r\n\r\nC\/ Manuel Pereira 20, Bajo\r\n32003 Orense\r\nTel. 988233712\r\n<a href=\"mailto:mp20high@tiscali.es\">mp20high@tiscali.es<\/a><\/pre>\n<hr \/>\n<h3>Comunidad aut\u00f3noma de Madrid<\/h3>\n<pre><strong>ASSAI AUDIO<\/strong>\r\n\r\nC\/ Larra 11\r\n28004 Madrid\r\nTel. 914461238\r\n<a href=\"mailto:info@assaiaudio.com\">info@assaiaudio.com\r\n<\/a><a href=\"http:\/\/www.assaiaudio.com\/\" target=\"_blank\" rel=\"noopener noreferrer\">www.assaiaudio.com<\/a><\/pre>\n<pre><strong>CASA Y CINE<\/strong>\r\n\r\nC\/ Montes de Oca 19, Nave 2\r\n28700 San Sebasti\u00e1n de los Reyes (Madrid)\r\nTel. 916518485\r\n<a href=\"mailto:info@casaycine.com\">info@casaycine.com\r\n<\/a><a href=\"http:\/\/www.casaycine.com\/\" target=\"_blank\" rel=\"noopener noreferrer\">www.casaycine.com<\/a><\/pre>\n<pre><strong>HIFI DEMOS<\/strong>\r\n\r\nRotonda de Westfalia 128\r\n28512 Villar del Olmo\r\nMadrid \u00a0\r\nTel. 610405606\r\n<a href=\"mailto:info@hifidemos.com\" target=\"_blank\" rel=\"noopener noreferrer\">info@hifidemos.com<\/a>\r\n<a style=\"font-family: inherit; font-size: inherit;\" href=\"http:\/\/www.hifidemos.com\/\" target=\"_blank\" rel=\"noopener noreferrer\" data-saferedirecturl=\"https:\/\/www.google.com\/url?q=http:\/\/www.hifidemos.com&amp;source=gmail&amp;ust=1603985460334000&amp;usg=AFQjCNGbd-m6qZSP0HhhjJJKVw8vTJBF-g\">www.hifidemos.com<\/a>\r\n<\/pre>\n<pre><strong>LA CASA DE LOS ALTAVOCES\r\n\r\n<\/strong>C\/ Lu\u00eds de G\u00f3ngora 2 \r\n28004 Madrid \r\nTel. 915213175 \r\n<a href=\"mailto:Casa-altavoces@casa-altavoces.com\">casa-altavoces@casa-altavoces.com\r\n<\/a><a href=\"http:\/\/www.casa-altavoces.com\/\" target=\"_blank\" rel=\"noopener noreferrer\">www.casa-altavoces.com<\/a><\/pre>\n<pre><strong>MENTOR AUDIO<\/strong>\r\n\r\nC\/ O'Donnell, n\u00ba 24 - 1\u00ba\r\n28009 Madrid\u00a0\u00a0\r\nTel. 630058816\r\n<a href=\"mailto:info@mentor-audio.es\">info@mentor-audio.es<\/a>\r\n<a href=\"https:\/\/mentor-audio.es\">https:\/\/mentor-audio.es<\/a><\/pre>\n<pre><strong>STEREOPHONIA<\/strong>\r\n\r\nC\/ Mediterr\u00e1neo, 4\r\n28922 Alcorc\u00f3n (Madrid)\r\nTel. 66136 8761\r\n<a href=\"mailto:alex@stereophonia.com\">alex@stereophonia.com\r\n<\/a><a href=\"http:\/\/www.stereophonia.com\/\" target=\"_blank\" rel=\"noopener noreferrer\">www.stereophonia.com<\/a><\/pre>\n<pre><strong>STUDIO 22<\/strong>\r\n\r\nC \/ Colombia n\u00ba 22\r\n28016\u00a0 Madrid\r\nTel. 91 350 49 65\r\n<a href=\"mailto:studio22@studio-22.com\" target=\"_blank\" rel=\"noopener noreferrer\">studio22@studio-22.com<\/a>\r\n<a href=\"http:\/\/www.studio-22.com\" target=\"_blank\" rel=\"noopener noreferrer\">www.studio-22.com<\/a><\/pre>\n<p>&nbsp;<\/p>\n<hr \/>\n<h3>Comunidad aut\u00f3noma de Valencia<\/h3>\n<pre><strong>ALEN AUDIO SL<\/strong>\r\n\r\nC\/ Pintor Navarro Llorens n\u00ba 5\r\n46008 Valencia\r\nTel. 96 323 88 18\r\n<a href=\"mailto:info@alenaudio.com%20\" target=\"_blank\" rel=\"noopener noreferrer\">info@alenaudio.com<\/a>\r\n<a href=\"http:\/\/www.alenaudio.com\" target=\"_blank\" rel=\"noopener noreferrer\">www.alenaudio.com<\/a><span lang=\"EN-US\">\u00a0\u00a0\u00a0\u00a0\u00a0\u00a0\u00a0\u00a0\u00a0\u00a0\u00a0\u00a0\u00a0\u00a0\u00a0\u00a0\u00a0\u00a0\u00a0\u00a0\u00a0\u00a0\u00a0\u00a0\u00a0\u00a0<\/span><\/pre>\n<pre><strong>SOLO HI-FI<\/strong>\r\n\r\nC\/ San Vicente Ferrer, 12\r\n46132 Almassera (Valencia)\r\nTel. 961854831\r\n<a href=\"mailto:solohifi@vodafone.es\">solohifi@vodafone.es\r\n<\/a><a href=\"http:\/\/www.solohifi.com\/\" target=\"_blank\" rel=\"noopener noreferrer\">www.solohifi.com<\/a><\/pre>\n<p>&nbsp;<\/p>\n","protected":false},"excerpt":{"rendered":"<p>Listado de distribuidores agrupados por comunidades aut\u00f3nomas: Comunidad aut\u00f3noma de Andaluc\u00eda DANIEL SONIDO C\/ Monte Carmelo, 27 41011 &#8211; Sevilla Tel. 954271727 daniels@danielsonido.com NATURAL HIFI C\/ R\u00edo Guadaira, 3 41566 -Pedrera Sevilla Tel. 635721275 info@naturalhifi.es SOUND SEVILLA C\/ Paseo de los Tilos, 62 41020 &#8211; Sevilla Tel. 954409150 soundsevilla@soundsevilla.com www.soundsevilla.com SYBARITE AUDIO C\/ Pintor Zabaleta &#8230; <\/p>\n<p class=\"read-more-container\"><a title=\"Distribuidores\" class=\"read-more button\" href=\"https:\/\/lyricaudio.com\/web\/distribuidores\/#more-18\" aria-label=\"Leer m\u00e1s sobre Distribuidores\">Leer m\u00e1s<\/a><\/p>\n","protected":false},"author":1,"featured_media":6113,"parent":0,"menu_order":0,"comment_status":"closed","ping_status":"closed","template":"","meta":{"_et_pb_use_builder":"","_et_pb_old_content":"","_et_gb_content_width":"","footnotes":""},"class_list":["post-18","page","type-page","status-publish","has-post-thumbnail"],"_links":{"self":[{"href":"https:\/\/lyricaudio.com\/web\/wp-json\/wp\/v2\/pages\/18","targetHints":{"allow":["GET"]}}],"collection":[{"href":"https:\/\/lyricaudio.com\/web\/wp-json\/wp\/v2\/pages"}],"about":[{"href":"https:\/\/lyricaudio.com\/web\/wp-json\/wp\/v2\/types\/page"}],"author":[{"embeddable":true,"href":"https:\/\/lyricaudio.com\/web\/wp-json\/wp\/v2\/users\/1"}],"replies":[{"embeddable":true,"href":"https:\/\/lyricaudio.com\/web\/wp-json\/wp\/v2\/comments?post=18"}],"version-history":[{"count":6,"href":"https:\/\/lyricaudio.com\/web\/wp-json\/wp\/v2\/pages\/18\/revisions"}],"predecessor-version":[{"id":11061,"href":"https:\/\/lyricaudio.com\/web\/wp-json\/wp\/v2\/pages\/18\/revisions\/11061"}],"wp:featuredmedia":[{"embeddable":true,"href":"https:\/\/lyricaudio.com\/web\/wp-json\/wp\/v2\/media\/6113"}],"wp:attachment":[{"href":"https:\/\/lyricaudio.com\/web\/wp-json\/wp\/v2\/media?parent=18"}],"curies":[{"name":"wp","href":"https:\/\/api.w.org\/{rel}","templated":true}]}}